Suppose p + 3*p + 4*s = 92, -p = 5*s - j. Let y(l) = 5*l. Calculate the remainder when p is divided by y(3).
13
Let z = 6 - -1. What is the remainder when 20 is divided by z?
6
Suppose 16*k = 89 + 311. What is the remainder when 72 is divided by k?
22
Suppose 2*l = l - 5*a + 25, 0 = 3*l + 4*a - 53. Suppose 0*k + 58 = k - 5*r, -132 = -3*k + r. What is the remainder when k is divided by l?
13
What is the remainder when (1*7 + 0)*4 is divided by -4*1/(-12)*(43 + 2)?
13
Let g = 10 + 4. Suppose 0 = -4*j + 2*j + 106. Calculate the remainder when j is divided by g.
11
Suppose r = -2 + 5. Suppose -3*n + 279 = -r*o, -356 = -5*n - 3*o + 85. Suppose 4*y = -y + n. Calculate the remainder when y is divided by 10.
8
Suppose 0*d = -d - 91. Let v be ((-84)/(-2))/(10/(-15)). Let w = v - d. Calculate the remainder when w is divided by 15.
13
What is the remainder when 20 is divided by 2/20*-4 - 42/(-5)?
4
Suppose -5*w = -0*w - 10. Suppose w*k = -k + 84. Let z = k + -20. Calculate the remainder when 14 is divided by z.
6
Let u be (-2 - (-5)/2)*14. Let b = u - 4. Suppose s - 56 = -3*f, 4*s + 65 = b*f + 19. What is the remainder when f is divided by 10?
8
Suppose -3*t - 2*t = -20. Suppose -t = j - 19. What is the remainder when 42 is divided by j?
12
Let y = 8 - 6. Suppose 2*h + h + 5 = y*c, -5*h - 8 = -3*c. What is the remainder when 56 is divided by 1*(-38)/(c - 3)?
18
Let b(d) = d**2 - 5*d - 3. Let y be b(4). Let u = -2 - y. Suppose 0 = -2*x + 2*q + 14, -5*q - 30 + 85 = u*x. Calculate the remainder when 17 is divided by x.
8
Suppose -4*g + 3*g + 22 = 0. Let f = g - 11. What is the remainder when 21 is divided by f?
10
Let a be 9/(((-3)/(-2))/(-3)). Calculate the remainder when 1/(1 + 16/a) is divided by 6.
3
Suppose -4*s - s - 199 = -4*v, 0 = 3*v - 2*s - 151. Suppose 2*i - v = -17. What is the remainder when 65 is divided by i?
14
Let h(w) = -6*w + 7. Calculate the remainder when h(-5) is divided by 10.
7
Suppose -5*a + 14 = -6. Let l = 11 - a. Calculate the remainder when l is divided by 2.
1
Let t(i) = 4*i**2 + 4. Suppose -2*v + 6 = -2*n, -7*v - 3 = n - 3*v. Calculate the remainder when t(n) is divided by 14.
12
Let q(u) = -u - 9. What is the remainder when 3 is divided by q(-11)?
1
Let y(g) = -g**2 - 17*g - 26. What is the remainder when y(-12) is divided by 7?
6
Let h(s) = -3 + 20*s**2 + 20*s**2 + 5 - 11*s - 32*s**2 + s**3. What is the remainder when h(-9) is divided by 11?
9
Let v = -4 + 0. Let n(c) = -c**3 - c**2 - 3*c - 2. Calculate the remainder when n(-2) is divided by (3 - 2) + v/(-2).
2
Suppose 5*d = -4*a + 35, 2*a - 4*d - 30 = 20. Suppose 0 = -3*q - a, 2*q - 5*q = 2*l - 97. What is the remainder when l is divided by 19?
18
Let g be ((-294)/35)/(1/(-5)). Suppose 0 = -m + o + 26, g + 41 = 3*m - 2*o. What is the remainder when m is divided by 16?
15
Suppose -1044 = -5*i + o, -i + 2*i - 212 = -3*o. What is the remainder when i is divided by 35?
34
Suppose -4*m = -3*q - 6, 2*m + 2 = 4*q - 0. What is the remainder when 1 is divided by (m/6)/(2/4)?
0
Calculate the remainder when 572/33 - (-8)/(-6) is divided by (-34)/(-4) + (-2)/(-4).
7
Suppose i + g - 14 = 0, -5*i + 64 = -0*g + 2*g. What is the remainder when 34 is divided by i?
10
Suppose f = -m, -5*f - 7 + 15 = m. Suppose -f*d + 6 = -2*q, 2*d - 5 = q + 3*d. Calculate the remainder when 26 is divided by (q/6)/(2/(-21)).
5
Let i(j) = -2 + 2 - j + 28*j**2. Suppose 44 = 4*s + 4*q, 5*q = s - 5*s + 45. Calculate the remainder when i(-1) is divided by s.
9
Let o(y) = -y**3 - 6*y**2 + 1 + 6*y + 3 + 3. Let m be o(-7). Let n = 30 - m. What is the remainder when 47 is divided by n?
15
Suppose 0*t + 4*t - 348 = 0. What is the remainder when 31 is divided by t/6 - (-6)/4?
15
Suppose 3*i - 136 + 22 = 0. Calculate the remainder when 74 is divided by i.
36
Let w(o) = -2 + 0*o + 0 - 7*o. Let m be w(-6). Suppose 3*h - m = -h. What is the remainder when 28 is divided by h?
8
Suppose 0 = 2*g - 3*s + 47, 4*g + g = -s - 109. Suppose -2*x + 68 = -0*y + 2*y, -4*y - 12 = 0. Let o = g + x. What is the remainder when o is divided by 8?
7
Let v = -2 - -33. Calculate the remainder when v is divided by 11.
9
Suppose -2*b + 7*b = 15. Let s(i) = i**3 + 6*i**2 - 7*i + 2. Let y be s(-7). Suppose y*z - 5 - 3 = 0. What is the remainder when z is divided by b?
1
Suppose 0*h - 3*h = -90. What is the remainder when h is divided by 11?
8
Let j(q) = 8*q**3 + q**2 + 3*q + 6. Let i(k) = 15*k**3 + k**2 + 5*k + 11. Let x(w) = 4*i(w) - 7*j(w). What is the remainder when 38 is divided by x(2)?
18
Suppose 5*h - 57 = -3*u, -5*u - 2*h + 92 + 22 = 0. What is the remainder when 93 is divided by u?
21
Let t = 3 + 3. Let z(l) = 2*l + 9. Let o be z(-7). Calculate the remainder when (6/o)/(t/(-45)) is divided by 5.
4
Let j = -3 - -2. Let r be (5 + -4)/(j/7). Let w = 23 - r. Calculate the remainder when w is divided by 16.
14
Suppose -7*m + 60 = -3*m. Let i(s) = -2*s - 2. Let k(x) = -5*x - 5. Let o(h) = 7*i(h) - 3*k(h). Calculate the remainder when m is divided by o(7).
7
Let a(b) = -2*b - 5. Let q(w) = -50*w + 3*w**2 - 10 - 2*w**2 + 54*w. Calculate the remainder when q(-7) is divided by a(-4).
2
Let u(d) = d**3 - 6*d**2 + 2*d + 4. Let b = -2 - -8. What is the remainder when u(b) is divided by 5?
1
Let p = -55 + 117. Calculate the remainder when p is divided by 16.
14
Let f = -55 + 77. Let l = 3 - 5. Calculate the remainder when f is divided by (l/(-3))/(1/18).
10
Let u(g) be the second derivative of -g**5/20 + g**3/6 + 6*g**2 - 2*g. What is the remainder when 23 is divided by u(0)?
11
Suppose -2*n = 2*n - 48. Calculate the remainder when 65 is divided by (-6)/n - (-90)/4.
21
Let g(q) = -25*q - 1. Suppose 8 = 2*b + 24. Calculate the remainder when g(-1) is divided by (-26)/b*12/3.
11
Suppose 2 = -n + 1. Calculate the remainder when (n + 2)/(6/102) is divided by 6.
5
Suppose 6*r - 2*r - 5*f = -69, 4*r = 3*f - 59. Let k = -3 - r. What is the remainder when k is divided by 5?
3
Let w(d) = -5*d + 1. Let s(u) = 11*u - 2. Let h(g) = -6*s(g) - 13*w(g). Let t = -35 + 37. What is the remainder when t is divided by h(-2)?
0
Suppose 116 = -z + 2*z. Suppose 3*x = -5*b + z, 2*x + 0*b - 60 = b. What is the remainder when x is divided by 17?
15
Suppose -o = 4*o - 175. Let k = -30 + 42. Calculate the remainder when o is divided by k.
11
Suppose -2*b - 3*b - 600 = 0. Calculate the remainder when 37 is divided by ((-1)/(-2))/((-3)/b).
17
Suppose -5*f = 5*h - 640, 0*f + h = 3*f - 392. Suppose -f - 23 = -3*g. Calculate the remainder when g is divided by 13.
12
Suppose 0 = 2*z + 2, -6 = -4*r - 3*z + 67. What is the remainder when r is divided by 12?
7
Suppose -5*v = -352 - 13. Let f = v + -44. Calculate the remainder when f is divided by 10.
9
Let w(t) = t + 8. Let k be w(-8). Let d(u) = -u**2 + 2*u + 2. Calculate the remainder when 4 is divided by d(k).
0
Calculate the remainder when 33 is divided by ((-18)/63)/(2/(-14))*6.
9
Suppose f + 4*p = -7, 0 = 2*f - 3*f - p + 2. Suppose -46 = -f*t - j, 5*j = 4*t - 27 - 4. Calculate the remainder when 23 is divided by t.
5
Let h be (-6)/(-3) + (-61)/(-1). Let u = h - 9. What is the remainder when u is divided by 11?
10
Suppose -z = 4*z - 155. Let d(u) = -u**2 - 5*u + 14. Calculate the remainder when z is divided by d(-6).
7
Suppose -5 = v - 2*d, -2*d = -5*v + d - 11. Let p(b) = 30*b**2 - 1. Let l(x) = -x**3 + 10*x**2 + 10. Calculate the remainder when p(v) is divided by l(10).
9
Let x be 1/(-2 + 5/2). Suppose -5*c + 25 = -5*b, -2 - 23 = -5*c - x*b. Suppose -95 = -c*y - 0*y. Calculate the remainder when 55 is divided by y.
17
Let o be -20*(1 - (2 + -2)). Calculate the remainder when (172/5)/((-8)/o) is divided by 22.
20
Suppose 0 = -5*k - 3*m + 30, 2*m + 37 = -k + 4*k. Suppose 0 = -4*y - 0*y + 132. What is the remainder when y is divided by k?
6
Suppose -2*w = 2*i - 76, -4*w + 112 = 3*i - 7*i. What is the remainder when 195 is divided by w?
30
Let z(t) = t**3 - 6*t**2 + 3*t - 5. What is the remainder when z(6) is divided by 4?
1
Suppose 0 = r - 2 - 2. What is the remainder when 9 is divided by r?
1
Let d(a) = a**2 + 3*a + 1. Suppose -c + 51 = 19. Calculate the remainder when c is divided by d(-5).
10
Let m = 28 + -46. What is the remainder when 19 is divided by (-528)/(-54) + (-4)/m?
9
Suppose -24*r = -9*r - 765. Suppose -v - 9 = -4*o